is -22 - 15?
-37
In base 3, what is -102212 + 10?
-102202
In base 11, what is -a9 - 4?
-102
In base 11, what is -4 + 44?
40
In base 14, what is ba + -84?
36
In base 8, what is -211 + 5?
-204
In base 11, what is 322 - -8?
32a
In base 7, what is -454 - 4?
-461
In base 10, what is -77 - 134?
-211
In base 6, what is -4 - -40504?
40500
In base 6, what is -211 + 31?
-140
In base 7, what is 24 + -13?
11
In base 8, what is -1 - -331?
330
In base 5, what is -140 + 0?
-140
In base 5, what is -3 + 10120?
10112
In base 9, what is 2 + 1670?
1672
In base 13, what is -474 - 15?
-489
In base 3, what is -10 + 112?
102
In base 13, what is 24 + 24?
48
In base 12, what is 47 + 4?
4b
In base 11, what is -11 - -3?
-9
In base 3, what is 11 + -10?
1
In base 3, what is 10 - 22221?
-22211
In base 6, what is 32 + -33?
-1
In base 13, what is -13 + 0?
-13
In base 15, what is bc - 2d?
8e
In base 11, what is 5 + 165?
16a
In base 8, what is 0 + -1010?
-1010
In base 14, what is -149a + -3?
-149d
In base 15, what is -17 - d?
-25
In base 7, what is 3 - -25?
31
In base 7, what is -5 - -255?
250
In base 16, what is d3 + -4?
cf
In base 13, what is 4 - -20?
24
In base 16, what is 4 - -3a?
3e
In base 12, what is 0 + 75?
75
In base 12, what is -3ba - -7?
-3b3
In base 6, what is -143 + 4?
-135
In base 2, what is -100 - -1000011?
111111
In base 14, what is -14 + -19?
-2d
In base 10, what is 11 + 176?
187
In base 9, what is -13355 - 3?
-13358
In base 8, what is 3055 - 1?
3054
In base 16, what is -c + 21?
15
In base 13, what is -1c7 + b?
-1b9
In base 16, what is -c3 - f?
-d2
In base 2, what is 11 + 1?
100
In base 9, what is -3555 - -6?
-3548
In base 3, what is 1022101 + 12?
1022120
In base 5, what is 312124 - 10?
312114
In base 13, what is 3a + -1?
39
In base 16, what is -2 + -50?
-52
In base 6, what is 13 + -12?
1
In base 7, what is 130 - 3?
124
In base 6, what is 25 + 3?
32
In base 14, what is 1d - 67?
-48
In base 9, what is -5 - 32?
-37
In base 9, what is 2 - 256?
-254
In base 13, what is -3 - -2760?
275a
In base 6, what is 34 - -504?
542
In base 9, what is -1 + -333?
-334
In base 14, what is 3 - c6d?
-c6a
In base 16, what is -24f - 3?
-252
In base 13, what is -1 - a?
-b
In base 13, what is -4a - -5?
-45
In base 14, what is -1 - 4c?
-4d
In base 6, what is 450 + -1?
445
In base 2, what is -1001100 + 10101?
-110111
In base 11, what is 10 + 5?
15
In base 8, what is -6071 + 5?
-6064
In base 7, what is 0 + 6104?
6104
In base 10, what is -2 + -946?
-948
In base 5, what is 0 - 43301?
-43301
In base 7, what is -215 - -4?
-211
In base 14, what is -336 + 4?
-332
In base 15, what is -b932 + 1?
-b931
In base 12, what is -6 + -6?
-10
In base 4, what is -13132 + 10?
-13122
In base 9, what is 2 - 177?
-175
In base 7, what is 4 - 1263?
-1256
In base 13, what is -6 + -35?
-3b
In base 7, what is 5 - -1003?
1011
In base 10, what is -651 + -11?
-662
In base 6, what is -22 - -24?
2
In base 13, what is 4 - 1211?
-120a
In base 6, what is -300 + -21?
-321
In base 10, what is -5 + -201?
-206
In base 7, what is 5 + -3262?
-3254
In base 7, what is -34 + 5?
-26
In base 8, what is 0 - -3307?
3307
In base 16, what is 14 - 5c?
-48
In base 2, what is 11 + 1110001011101?
1110001100000
In base 11, what is 2 + -128?
-126
In base 16, what is 1 + 1e6?
1e7
In base 16, what is -1217c + -3?
-1217f
In base 14, what is -8b - -5?
-86
In base 14, what is -3 - -a3?
a0
In base 11, what is -1 - -63?
62
In base 11, what is 22 - -7?
29
In base 16, what is 2aa1 - 5?
2a9c
In base 3, what is -22 - 101?
-200
In base 5, what is -1202 + 32?
-1120
In base 8, what is 212 + 40?
252
In base 9, what is -5 - 716?
-722
In base 8, what is 47 + 156?
225
In base 15, what is -58 - c?
-65
In base 3, what is 102 - 101021?
-100212
In base 12, what is 52 - -3?
55
In base 7, what is 4 - 550?
-543
In base 6, what is 1234 + 12?
1250
In base 13, what is -2 - -46?
44
In base 3, what is -22012112 - 0?
-22012112
In base 11, what is 7 - 120?
-114
In base 7, what is -111345 - 2?
-111350
In base 4, what is 33 + 23102?
23201
In base 9, what is 3 - 0?
3
In base 13, what is -5 - -684?
67c
In base 14, what is 1 + -1ca?
-1c9
In base 15, what is 10 - 10?
0
In base 2, what is 11000100010 + 0?
11000100010
In base 5, what is -10 - 11412?
-11422
In base 6, what is -255 - -1?
-254
In base 9, what is -5 - 582?
-587
In base 12, what is -2 + -1a8?
-1aa
In base 6, what is 1 - -4324?
4325
In base 2, what is -11101 + -100001101?
-100101010
In base 16, what is 8 + 161?
169
In base 6, what is -201 + 14?
-143
In base 8, what is 0 + -1105?
-1105
In base 16, what is 5b7a + 1?
5b7b
In base 2, what is -10 - 100011?
-100101
In base 12, what is -2 - -184?
182
In base 8, what is -3 + -76?
-101
In base 11, what is 71 - -20?
91
In base 2, what is 101 - -1011011?
1100000
In base 13, what is -19c - 0?
-19c
In base 14, what is -312 - 8?
-31a
In base 15, what is -12 - 7?
-19
In base 13, what is 2 + 12?
14
In base 2, what is 1000000110 + 10?
1000001000
In base 11, what is -5 + 722?
718
In base 9, what is 5 + -115?
-110
In base 15, what is -4b + 57?
b
In base 4, what is -3 + -111?
-120
In base 13, what is -1c29 + -1?
-1c2a
In base 7, what is -325 + -2?
-330
In base 8, what is -4760 + -1?
-4761
In base 3, what is -2 - -1021021?
1021012
In base 12, what is 27 - 18?
b
In base 13, what is -4 + 2?
-2
In base 5, what is -1 - -114?
113
In base 5, what is -1 + -120?
-121
In base 15, what is -15 + -1e8?
-20d
In base 12, what is -39 - 115?
-152
In base 8, what is 106 + 15?
123
In base 10, what is 0 + -136?
-136
In base 11, what is 13 - -1138?
1150
In base 2, what is -1000 + -10000011?
-10001011
In base 15, what is -1 + -16?
-17
In base 14, what is -21 + -2a6?
-2c7
In base 11, what is -4a2 + 8?
-495
In base 12, what is -58 - 55?
-b1
In base 5, what is -14 + 33?
14
In base 3, what is 111 - 200010?
-122122
In base 11, what is -1 + -346?
-347
In base 2, what is 10 + -100100?
-100010
In base 10, what is -1 + 4?
3
In base 9, what is -21253 - 3?
-21256
In base 4, what is 23 + 23133?
23222
In base 5, what is 13 - 341?
-323
In base 4, what is 3302 + 3?
3311
In base 15, what is 3 - 1099?
-1096
In base 5, what is 103 - 341?
-233
In base 13, what is 80 + 4?
84
In base 4, what is 200 + 3?
203
In base 3, what is 12201 + 2?
12210
In base 9, what is -5 + -64?
-70
In base 9, what is 2 + -168?
-166
In base 9, what is -5000 - -3?
-4886
In base 6, what is -2403 - -5?
-2354
In base 7, what is -3 + -66?
-102
In base 15, what is -4 - 9c7?
-9cb
In base 11, what is -78 + 6?
-72
In base 2, what is -101 - 100?
-1001
In base 8, what is 6021 - -3?
6024
In base 6, what is -213 - -224?
11
In base 10, what is -135 + 2?
-133
In base 2, what is -1101 - -1101?
0
In base 13, what is -4 - -b58?
b54
In base 2, what is 100 + -101011?
-100111
In base 6, what is 4 + -21?
-13
In base 10, what is 20 - -237?
257
In base 7, what is -661 + 4?
-654
In base 11, what is 179 + -2?
177
In base 7, what is -3 + -3?
-6
In base 15, what is -e - -1d?
e
In base 2, what is -10011 + 10?
-10001
In base 13, what is -6 - 2?
-8
In base 15, what is -1a92 - -1?
-1a91
In base 11, what is 708 + -4?
704
In base 14, what is -b + 9?
-2
In base 7, what is -4 - -1266?
1262
In base 3, what is 121 - 11?
110
In base 16, what is 1900 + -4?
18fc
In base 2, what is 100000100011 + 1010?
100000101101
In base 13, what is -3b - 2?
-40
In base 9, what is 23173 - -3?
23176
In base 13, what is -25 - -131?
109
In base 4, what is -1 - 33?
-100
In base 7, what is 6 + 145?
154
In base 10, what is 8 - 1044?
-1036
In base 16, what is -3 - -14e?
14b
In base 9, what is 584 - -2?
586
In base 9, what is -3425 + -2?
-3427
In base 14, what is -1b3 + 5?
-1ac
In base 14, what is -1 + a7b?
a7a
In base 16, what is f + 3e?
4d
In base 13, what is -1 + -67?
-68
In base 2, what is -1000010100 + 101?
-1000001111
In base 11, what is -276 - -3?
-273
In base 8, what is 25342 + 2?
25344
In base 3, what is -100021010 + 11?
-100020222
In base 16, what is 0 - 12?
-12
In base 5, what is -101410 + -2?
-101412
In base 4, what is 2322 - 2?
2320
In base 2, what is 10 - -110011?
110101
In base 5, what is -4 + -311?
-320
In base 10, what is 15 - -16?
31
In base 3, what is 1220102002 - -10?
1220102012
In base 13, what is 4 + 1263?
1267
In base 11, what is -2 - -2?
0
In base 3, what is -11 + -121220?
-122001
In base 11, w